{"version":"1.0","provider_name":"Umbrella City Lines","provider_url":"https:\/\/www.umbrellacitylines.sk\/de\/","author_name":"garazs","author_url":"https:\/\/www.umbrellacitylines.sk\/de\/author\/garazs\/","title":"Transport in der Region \u017dilina - Umbrella City Lines","type":"rich","width":600,"height":338,"html":"<blockquote class=\"wp-embedded-content\" data-secret=\"VfBrEXrfCF\"><a href=\"https:\/\/www.umbrellacitylines.sk\/de\/transport-in-der-region-zilina\/\">Transport in der Region \u017dilina<\/a><\/blockquote><iframe sandbox=\"allow-scripts\" security=\"restricted\" src=\"https:\/\/www.umbrellacitylines.sk\/de\/transport-in-der-region-zilina\/embed\/#?secret=VfBrEXrfCF\" width=\"600\" height=\"338\" title=\"&#8222;Transport in der Region \u017dilina&#8220; &#8212; Umbrella City Lines\" data-secret=\"VfBrEXrfCF\" frameborder=\"0\" marginwidth=\"0\" marginheight=\"0\" scrolling=\"no\" class=\"wp-embedded-content\"><\/iframe><script type=\"text\/javascript\">\n\/* <![CDATA[ *\/\n\/*! This file is auto-generated *\/\n!function(d,l){\"use strict\";l.querySelector&&d.addEventListener&&\"undefined\"!=typeof URL&&(d.wp=d.wp||{},d.wp.receiveEmbedMessage||(d.wp.receiveEmbedMessage=function(e){var t=e.data;if((t||t.secret||t.message||t.value)&&!\/[^a-zA-Z0-9]\/.test(t.secret)){for(var s,r,n,a=l.querySelectorAll('iframe[data-secret=\"'+t.secret+'\"]'),o=l.querySelectorAll('blockquote[data-secret=\"'+t.secret+'\"]'),c=new RegExp(\"^https?:$\",\"i\"),i=0;i<o.length;i++)o[i].style.display=\"none\";for(i=0;i<a.length;i++)s=a[i],e.source===s.contentWindow&&(s.removeAttribute(\"style\"),\"height\"===t.message?(1e3<(r=parseInt(t.value,10))?r=1e3:~~r<200&&(r=200),s.height=r):\"link\"===t.message&&(r=new URL(s.getAttribute(\"src\")),n=new URL(t.value),c.test(n.protocol))&&n.host===r.host&&l.activeElement===s&&(d.top.location.href=t.value))}},d.addEventListener(\"message\",d.wp.receiveEmbedMessage,!1),l.addEventListener(\"DOMContentLoaded\",function(){for(var e,t,s=l.querySelectorAll(\"iframe.wp-embedded-content\"),r=0;r<s.length;r++)(t=(e=s[r]).getAttribute(\"data-secret\"))||(t=Math.random().toString(36).substring(2,12),e.src+=\"#?secret=\"+t,e.setAttribute(\"data-secret\",t)),e.contentWindow.postMessage({message:\"ready\",secret:t},\"*\")},!1)))}(window,document);\n\/\/# sourceURL=https:\/\/www.umbrellacitylines.sk\/wp-includes\/js\/wp-embed.min.js\n\/* ]]> *\/\n<\/script>\n","thumbnail_url":"https:\/\/www.umbrellacitylines.sk\/wp-content\/uploads\/2024\/06\/AboutUS-desktop-min.png","thumbnail_width":1440,"thumbnail_height":524,"description":"Die Busse der Umbrella City Lines werden ab dem 1. November 2025 Teil des Integrierten Verkehrssystems der Region \u017dilina (IDS PLUS) sein. Im Artikel finden Sie Links zu aktuellen Preislisten, eine Karte des IDS, Informationen zu erm\u00e4\u00dfigten und kostenlosen Fahrten, eine \u00dcbersicht \u00fcber g\u00fcltige Tarife f\u00fcr den \u00f6ffentlichen Nahverkehr in Ru\u017eomberok au\u00dferhalb des IDS und weitere Informationen."}

Transport in der Region Žilina - Umbrella City Lines

<blockquote class="wp-embedded-content" data-secret="VfBrEXrfCF"><a href="https://www.umbrellacitylines.sk/de/transport-in-der-region-zilina/">Transport in der Region Žilina</a></blockquote><iframe sandbox="allow-scripts" security="restricted" src="https://www.umbrellacitylines.sk/de/transport-in-der-region-zilina/embed/#?secret=VfBrEXrfCF" width="600" height="338" title="&#8222;Transport in der Region Žilina&#8220; &#8212; Umbrella City Lines" data-secret="VfBrEXrfCF" frameborder="0" marginwidth="0" marginheight="0" scrolling="no" class="wp-embedded-content"></iframe><script type="text/javascript">
/* <![CDATA[ */
/*! This file is auto-generated */
!function(d,l){"use strict";l.querySelector&&d.addEventListener&&"undefined"!=typeof URL&&(d.wp=d.wp||{},d.wp.receiveEmbedMessage||(d.wp.receiveEmbedMessage=function(e){var t=e.data;if((t||t.secret||t.message||t.value)&&!/[^a-zA-Z0-9]/.test(t.secret)){for(var s,r,n,a=l.querySelectorAll('iframe[data-secret="'+t.secret+'"]'),o=l.querySelectorAll('blockquote[data-secret="'+t.secret+'"]'),c=new RegExp("^https?:$","i"),i=0;i<o.length;i++)o[i].style.display="none";for(i=0;i<a.length;i++)s=a[i],e.source===s.contentWindow&&(s.removeAttribute("style"),"height"===t.message?(1e3<(r=parseInt(t.value,10))?r=1e3:~~r<200&&(r=200),s.height=r):"link"===t.message&&(r=new URL(s.getAttribute("src")),n=new URL(t.value),c.test(n.protocol))&&n.host===r.host&&l.activeElement===s&&(d.top.location.href=t.value))}},d.addEventListener("message",d.wp.receiveEmbedMessage,!1),l.addEventListener("DOMContentLoaded",function(){for(var e,t,s=l.querySelectorAll("iframe.wp-embedded-content"),r=0;r<s.length;r++)(t=(e=s[r]).getAttribute("data-secret"))||(t=Math.random().toString(36).substring(2,12),e.src+="#?secret="+t,e.setAttribute("data-secret",t)),e.contentWindow.postMessage({message:"ready",secret:t},"*")},!1)))}(window,document);
//# sourceURL=https://www.umbrellacitylines.sk/wp-includes/js/wp-embed.min.js
/* ]]> */
</script>

Die Busse der Umbrella City Lines werden ab dem 1. November 2025 Teil des Integrierten Verkehrssystems der Region Žilina (IDS PLUS) sein. Im Artikel finden Sie Links zu aktuellen Preislisten, eine Karte des IDS, Informationen zu ermäßigten und kostenlosen Fahrten, eine Übersicht über gültige Tarife für den öffentlichen Nahverkehr in Ružomberok außerhalb des IDS und weitere Informationen.
